{"id":141,"date":"2013-03-18T18:58:32","date_gmt":"2013-03-18T16:58:32","guid":{"rendered":"http:\/\/www.hit-maschinenbau.de\/?page_id=141"},"modified":"2015-04-29T11:18:22","modified_gmt":"2015-04-29T09:18:22","slug":"entstapelanlagen","status":"publish","type":"page","link":"https:\/\/hit-maschinenbau.de\/index.php\/hobeltechnik\/entstapelanlagen\/","title":{"rendered":"Entstapelanlagen"},"content":{"rendered":"<p><\/p>\n<h2>Entstapelanlagen<\/h2>\n<p>Entstapelanlagen werden zum Vereinzeln von Paketen vor Hobel- und Sortieranlagen genutzt.<\/p>\n<p>&nbsp;<\/p>\n<p>Unsere Entstapelanlagen garantieren auf Grund ihrer robusten Ausf\u00fchrung und der hohen Betriebssicherheit eine kontinuierliche Materialversorgung der anschlie\u00dfenden Anlagen auch bei hohen St\u00fcckzahlen.<\/p>\n<p>            \n\t\t<div class=\"ngg-gallery-singlepic-image \" style=\"max-width: 210px\">\n\t\t\t    \t<a href=\"https:\/\/hit-maschinenbau.de\/wp-content\/gallery\/2-1-1-kippentstapelungen\/hobellinie-kel-15.jpg\"\n\t\t     title=\"\"\n             data-src=\"https:\/\/hit-maschinenbau.de\/wp-content\/gallery\/2-1-1-kippentstapelungen\/hobellinie-kel-15.jpg\"\n             data-thumbnail=\"https:\/\/hit-maschinenbau.de\/wp-content\/gallery\/2-1-1-kippentstapelungen\/thumbs\/thumbs_hobellinie-kel-15.jpg\"\n             data-image-id=\"252\"\n             data-title=\"hobellinie-kel-15\"\n             data-description=\"\"\n             target='_self'\n             class=\"ngg-simplelightbox\" rel=\"c198ddc2766930aa0e5b3ffc1cd89aca\">\n            <img class=\"ngg-singlepic colorbox-141\"\n             src=\"https:\/\/hit-maschinenbau.de\/index.php\/nextgen-image\/252\/210x0x100\/9e1ae5e3b3fd4a55c5283bcc9cab0818\"\n             alt=\"hobellinie-kel-15\"\n             title=\"hobellinie-kel-15\"\n              width=\"210\"               \/>\n    \t<\/a>\n\t\t      <\/div>\n        <br \/>\n  <\/p>","protected":false},"excerpt":{"rendered":"<\/p>\n<p> Entstapelanlagen <\/p>\n<p>Entstapelanlagen werden zum Vereinzeln von Paketen vor Hobel- und Sortieranlagen genutzt.<\/p>\n<p>&nbsp;<\/p>\n<p>Unsere Entstapelanlagen garantieren auf Grund ihrer robusten Ausf\u00fchrung und der hohen Betriebssicherheit eine kontinuierliche Materialversorgung der [&#8230;]<\/p>\n","protected":false},"author":4,"featured_media":0,"parent":113,"menu_order":96,"comment_status":"closed","ping_status":"closed","template":"","meta":{"ngg_post_thumbnail":0},"_links":{"self":[{"href":"https:\/\/hit-maschinenbau.de\/index.php\/wp-json\/wp\/v2\/pages\/141"}],"collection":[{"href":"https:\/\/hit-maschinenbau.de\/index.php\/wp-json\/wp\/v2\/pages"}],"about":[{"href":"https:\/\/hit-maschinenbau.de\/index.php\/wp-json\/wp\/v2\/types\/page"}],"author":[{"embeddable":true,"href":"https:\/\/hit-maschinenbau.de\/index.php\/wp-json\/wp\/v2\/users\/4"}],"replies":[{"embeddable":true,"href":"https:\/\/hit-maschinenbau.de\/index.php\/wp-json\/wp\/v2\/comments?post=141"}],"version-history":[{"count":18,"href":"https:\/\/hit-maschinenbau.de\/index.php\/wp-json\/wp\/v2\/pages\/141\/revisions"}],"predecessor-version":[{"id":3254,"href":"https:\/\/hit-maschinenbau.de\/index.php\/wp-json\/wp\/v2\/pages\/141\/revisions\/3254"}],"up":[{"embeddable":true,"href":"https:\/\/hit-maschinenbau.de\/index.php\/wp-json\/wp\/v2\/pages\/113"}],"wp:attachment":[{"href":"https:\/\/hit-maschinenbau.de\/index.php\/wp-json\/wp\/v2\/media?parent=141"}],"curies":[{"name":"wp","href":"https:\/\/api.w.org\/{rel}","templated":true}]}}