{"id":250,"date":"2013-03-21T11:09:48","date_gmt":"2013-03-21T09:09:48","guid":{"rendered":"http:\/\/www.hit-maschinenbau.de\/?page_id=250"},"modified":"2015-04-29T10:34:00","modified_gmt":"2015-04-29T08:34:00","slug":"stirnschnittsaegen-und-einfachablaengsaegen","status":"publish","type":"page","link":"https:\/\/hit-maschinenbau.de\/index.php\/saegetechnik\/ablaengsaegen\/stirnschnittsaegen-und-einfachablaengsaegen\/","title":{"rendered":"Stirnschnitts\u00e4gen \/ Einfachabl\u00e4ngs\u00e4gen"},"content":{"rendered":"<p><\/p>\n<h2>Stirnschnitts\u00e4gen und Einfachabl\u00e4ngs\u00e4gen<\/h2>\n<p>Unsere Stirnschnitt- und Einfachabl\u00e4ngs\u00e4gen werden eingesetzt, wenn eine oder beide Brettstirnseiten pr\u00e4zise und sauber gekappt werden m\u00fcssen, bzw. wenn die Ware auf eine definierte Fixl\u00e4nge gekappt werden muss. Die beim Kappen anfallenden Restst\u00fccke werden direkt entsorgt.<\/p>\n<p>&nbsp;<\/p>\n<p>Je nach Anforderung f\u00fchren wir unsere Stirnschnittaggregate auch mit Fr\u00e4s- oder Spanerk\u00f6pfen aus. Dies ist insbesondere sinnvoll, wenn beim Kappen keine Restst\u00fccke sondern nur Sp\u00e4ne anfallen sollen.<\/p>\n<p>&nbsp;<\/p>\n<p>Unsere Stirnschnittaggregate k\u00f6nnen unten- oder obenliegend, l\u00e4ngenverstellbar und schwenkbar, sowie mit zus\u00e4tzlichem Kettenoberdruck ausgef\u00fchrt werden.<\/p>\n<!-- default-view.php -->\n<div\n\tclass=\"ngg-galleryoverview default-view \"\n\tid=\"ngg-gallery-667e7a573eb20a333f0b8ac04a8f9911-1\">\n\n\t\t<!-- Thumbnails -->\n\t\t\t\t<div id=\"ngg-image-0\" class=\"ngg-gallery-thumbnail-box \" >\n\t\t\t\t        <div class=\"ngg-gallery-thumbnail\">\n            <a href=\"https:\/\/hit-maschinenbau.de\/wp-content\/gallery\/1-4-1-stirnschnittsaegen-einfachablaengsaegen\/bup-asm-22.jpg\"\n               title=\"\"\n               data-src=\"https:\/\/hit-maschinenbau.de\/wp-content\/gallery\/1-4-1-stirnschnittsaegen-einfachablaengsaegen\/bup-asm-22.jpg\"\n               data-thumbnail=\"https:\/\/hit-maschinenbau.de\/wp-content\/gallery\/1-4-1-stirnschnittsaegen-einfachablaengsaegen\/thumbs\/thumbs_bup-asm-22.jpg\"\n               data-image-id=\"133\"\n               data-title=\"bup-asm-22\"\n               data-description=\"\"\n               data-image-slug=\"bup-asm-22\"\n               class=\"ngg-simplelightbox\" rel=\"667e7a573eb20a333f0b8ac04a8f9911\">\n                <img class=\"colorbox-250\" \n                    title=\"bup-asm-22\"\n                    alt=\"bup-asm-22\"\n                    src=\"https:\/\/hit-maschinenbau.de\/wp-content\/gallery\/1-4-1-stirnschnittsaegen-einfachablaengsaegen\/thumbs\/thumbs_bup-asm-22.jpg\"\n                    width=\"210\"\n                    height=\"157\"\n                    style=\"max-width:100%;\"\n                \/>\n            <\/a>\n        <\/div>\n\t\t\t\t\t\t\t<\/div> \n\t\t\t\n\t\t\t\t<div id=\"ngg-image-1\" class=\"ngg-gallery-thumbnail-box \" >\n\t\t\t\t        <div class=\"ngg-gallery-thumbnail\">\n            <a href=\"https:\/\/hit-maschinenbau.de\/wp-content\/gallery\/1-4-1-stirnschnittsaegen-einfachablaengsaegen\/kolb-21.jpg\"\n               title=\"\"\n               data-src=\"https:\/\/hit-maschinenbau.de\/wp-content\/gallery\/1-4-1-stirnschnittsaegen-einfachablaengsaegen\/kolb-21.jpg\"\n               data-thumbnail=\"https:\/\/hit-maschinenbau.de\/wp-content\/gallery\/1-4-1-stirnschnittsaegen-einfachablaengsaegen\/thumbs\/thumbs_kolb-21.jpg\"\n               data-image-id=\"134\"\n               data-title=\"kolb-21\"\n               data-description=\"\"\n               data-image-slug=\"kolb-21\"\n               class=\"ngg-simplelightbox\" rel=\"667e7a573eb20a333f0b8ac04a8f9911\">\n                <img class=\"colorbox-250\" \n                    title=\"kolb-21\"\n                    alt=\"kolb-21\"\n                    src=\"https:\/\/hit-maschinenbau.de\/wp-content\/gallery\/1-4-1-stirnschnittsaegen-einfachablaengsaegen\/thumbs\/thumbs_kolb-21.jpg\"\n                    width=\"210\"\n                    height=\"157\"\n                    style=\"max-width:100%;\"\n                \/>\n            <\/a>\n        <\/div>\n\t\t\t\t\t\t\t<\/div> \n\t\t\t\n\t\t\t\t<div id=\"ngg-image-2\" class=\"ngg-gallery-thumbnail-box \" >\n\t\t\t\t        <div class=\"ngg-gallery-thumbnail\">\n            <a href=\"https:\/\/hit-maschinenbau.de\/wp-content\/gallery\/1-4-1-stirnschnittsaegen-einfachablaengsaegen\/saf-stapelanlage-5.jpg\"\n               title=\"\"\n               data-src=\"https:\/\/hit-maschinenbau.de\/wp-content\/gallery\/1-4-1-stirnschnittsaegen-einfachablaengsaegen\/saf-stapelanlage-5.jpg\"\n               data-thumbnail=\"https:\/\/hit-maschinenbau.de\/wp-content\/gallery\/1-4-1-stirnschnittsaegen-einfachablaengsaegen\/thumbs\/thumbs_saf-stapelanlage-5.jpg\"\n               data-image-id=\"135\"\n               data-title=\"saf-stapelanlage-5\"\n               data-description=\"\"\n               data-image-slug=\"saf-stapelanlage-5\"\n               class=\"ngg-simplelightbox\" rel=\"667e7a573eb20a333f0b8ac04a8f9911\">\n                <img class=\"colorbox-250\" \n                    title=\"saf-stapelanlage-5\"\n                    alt=\"saf-stapelanlage-5\"\n                    src=\"https:\/\/hit-maschinenbau.de\/wp-content\/gallery\/1-4-1-stirnschnittsaegen-einfachablaengsaegen\/thumbs\/thumbs_saf-stapelanlage-5.jpg\"\n                    width=\"210\"\n                    height=\"157\"\n                    style=\"max-width:100%;\"\n                \/>\n            <\/a>\n        <\/div>\n\t\t\t\t\t\t\t<\/div> \n\t\t\t\n\t\n\t<br style=\"clear: both\" \/>\n\n\t\n\t\t<!-- Pagination -->\n\t<div class='ngg-clear'><\/div>\t<\/div>\n\n<p>  <\/p>","protected":false},"excerpt":{"rendered":"<\/p>\n<p> Stirnschnitts\u00e4gen und Einfachabl\u00e4ngs\u00e4gen <\/p>\n<p>Unsere Stirnschnitt- und Einfachabl\u00e4ngs\u00e4gen werden eingesetzt, wenn eine oder beide Brettstirnseiten pr\u00e4zise und sauber gekappt werden m\u00fcssen, bzw. wenn die Ware auf eine definierte Fixl\u00e4nge gekappt [&#8230;]<\/p>\n","protected":false},"author":4,"featured_media":0,"parent":84,"menu_order":64,"comment_status":"closed","ping_status":"closed","template":"","meta":{"ngg_post_thumbnail":0},"_links":{"self":[{"href":"https:\/\/hit-maschinenbau.de\/index.php\/wp-json\/wp\/v2\/pages\/250"}],"collection":[{"href":"https:\/\/hit-maschinenbau.de\/index.php\/wp-json\/wp\/v2\/pages"}],"about":[{"href":"https:\/\/hit-maschinenbau.de\/index.php\/wp-json\/wp\/v2\/types\/page"}],"author":[{"embeddable":true,"href":"https:\/\/hit-maschinenbau.de\/index.php\/wp-json\/wp\/v2\/users\/4"}],"replies":[{"embeddable":true,"href":"https:\/\/hit-maschinenbau.de\/index.php\/wp-json\/wp\/v2\/comments?post=250"}],"version-history":[{"count":16,"href":"https:\/\/hit-maschinenbau.de\/index.php\/wp-json\/wp\/v2\/pages\/250\/revisions"}],"predecessor-version":[{"id":3223,"href":"https:\/\/hit-maschinenbau.de\/index.php\/wp-json\/wp\/v2\/pages\/250\/revisions\/3223"}],"up":[{"embeddable":true,"href":"https:\/\/hit-maschinenbau.de\/index.php\/wp-json\/wp\/v2\/pages\/84"}],"wp:attachment":[{"href":"https:\/\/hit-maschinenbau.de\/index.php\/wp-json\/wp\/v2\/media?parent=250"}],"curies":[{"name":"wp","href":"https:\/\/api.w.org\/{rel}","templated":true}]}}