{"id":273,"date":"2013-03-21T11:23:33","date_gmt":"2013-03-21T09:23:33","guid":{"rendered":"http:\/\/www.hit-maschinenbau.de\/?page_id=273"},"modified":"2015-04-29T11:12:26","modified_gmt":"2015-04-29T09:12:26","slug":"lattenbuendel-und-paketieranlagen","status":"publish","type":"page","link":"https:\/\/hit-maschinenbau.de\/index.php\/saegetechnik\/lattenmanipulation\/lattenbuendel-und-paketieranlagen\/","title":{"rendered":"Lattenb\u00fcndel- und Paketieranlagen"},"content":{"rendered":"<p><\/p>\n<h2>Lattenb\u00fcndel- und Paketieranlagen<\/h2>\n<p>Unsere Lattenb\u00fcndel- und Paketieranlagen erm\u00f6glichen es, die anfallenden Latten effizient mit nur einem Bedienmann zu Bunden zusammen zu fassen, diese automatisch zu umreifen und zu kappen und anschlie\u00dfend zum Paket aufzustapeln.<\/p>\n<p>&nbsp;<\/p>\n<p>Der Bedienmann legt hierzu manuell die ihm zugef\u00fchrten Latten in einen Legestern ein. Sobald die Sollgr\u00f6\u00dfe des Bundes erreicht ist, \u00fcbergibt der Legestern das Bund auf einen Rollengang, welcher die Ware automatisch durch eine Umreifung und Kapps\u00e4ge transportiert. W\u00e4hrenddessen kann der Bedienmann im Legestern bereits das n\u00e4chste Lattenbund bilden.<\/p>\n<p>&nbsp;<\/p>\n<p>Im Anschluss an Umreifung und Kappung wird das Bund automatisch auf die Paketstapelung abgeschoben.<\/p>\n<p>&nbsp;<\/p>\n<p>Unsere Lattenb\u00fcndel- und Paketieranlagen werden auch verfahrbar ausgef\u00fchrt, so dass z. B. an einer bestehenden L\u00e4ngensortierung verschiedene Abnahmepositionen angefahren werden k\u00f6nnen.<\/p>\n<div class=\"arconix-accordions arconix-accordions-vertical arconix-accordions-1\">\n<div class=\"arconix-accordion-title accordion-TechnischeDetails\"><i class=\"fa\"><\/i><p>Technische Details<\/p><\/div><div class=\"arconix-accordion-content\">\n<ul>\n<li><em>Leistung:<\/em> bei einem Bundquerschnitt von 150 mm x 150 mm k\u00f6nnen abh\u00e4ngig von der Zuf\u00fchrung und Holzqualit\u00e4t bis zu 3 Bunde \/ min. geb\u00fcndelt werden.<\/li>\n<\/ul>\n<\/div><br \/>\n<\/div>\n<!-- default-view.php -->\n<div\n\tclass=\"ngg-galleryoverview default-view \"\n\tid=\"ngg-gallery-947fc5a8b2c7cafd6c00a0002b399c7f-1\">\n\n\t\t<!-- Thumbnails -->\n\t\t\t\t<div id=\"ngg-image-0\" class=\"ngg-gallery-thumbnail-box \" >\n\t\t\t\t        <div class=\"ngg-gallery-thumbnail\">\n            <a href=\"https:\/\/hit-maschinenbau.de\/wp-content\/gallery\/1-7-3-lattenbuendel-und-paketieranlagen\/balk-qsk-mit-mechanisierung-6.jpg\"\n               title=\"\"\n               data-src=\"https:\/\/hit-maschinenbau.de\/wp-content\/gallery\/1-7-3-lattenbuendel-und-paketieranlagen\/balk-qsk-mit-mechanisierung-6.jpg\"\n               data-thumbnail=\"https:\/\/hit-maschinenbau.de\/wp-content\/gallery\/1-7-3-lattenbuendel-und-paketieranlagen\/thumbs\/thumbs_balk-qsk-mit-mechanisierung-6.jpg\"\n               data-image-id=\"185\"\n               data-title=\"balk-qsk-mit-mechanisierung-6\"\n               data-description=\"\"\n               data-image-slug=\"balk-qsk-mit-mechanisierung-6\"\n               class=\"ngg-simplelightbox\" rel=\"947fc5a8b2c7cafd6c00a0002b399c7f\">\n                <img class=\"colorbox-273\" \n                    title=\"balk-qsk-mit-mechanisierung-6\"\n                    alt=\"balk-qsk-mit-mechanisierung-6\"\n                    src=\"https:\/\/hit-maschinenbau.de\/wp-content\/gallery\/1-7-3-lattenbuendel-und-paketieranlagen\/thumbs\/thumbs_balk-qsk-mit-mechanisierung-6.jpg\"\n                    width=\"210\"\n                    height=\"157\"\n                    style=\"max-width:100%;\"\n                \/>\n            <\/a>\n        <\/div>\n\t\t\t\t\t\t\t<\/div> \n\t\t\t\n\t\t\t\t<div id=\"ngg-image-1\" class=\"ngg-gallery-thumbnail-box \" >\n\t\t\t\t        <div class=\"ngg-gallery-thumbnail\">\n            <a href=\"https:\/\/hit-maschinenbau.de\/wp-content\/gallery\/1-7-3-lattenbuendel-und-paketieranlagen\/lba1-jhl.jpg\"\n               title=\"\"\n               data-src=\"https:\/\/hit-maschinenbau.de\/wp-content\/gallery\/1-7-3-lattenbuendel-und-paketieranlagen\/lba1-jhl.jpg\"\n               data-thumbnail=\"https:\/\/hit-maschinenbau.de\/wp-content\/gallery\/1-7-3-lattenbuendel-und-paketieranlagen\/thumbs\/thumbs_lba1-jhl.jpg\"\n               data-image-id=\"188\"\n               data-title=\"lba1-jhl\"\n               data-description=\"\"\n               data-image-slug=\"lba1-jhl\"\n               class=\"ngg-simplelightbox\" rel=\"947fc5a8b2c7cafd6c00a0002b399c7f\">\n                <img class=\"colorbox-273\" \n                    title=\"lba1-jhl\"\n                    alt=\"lba1-jhl\"\n                    src=\"https:\/\/hit-maschinenbau.de\/wp-content\/gallery\/1-7-3-lattenbuendel-und-paketieranlagen\/thumbs\/thumbs_lba1-jhl.jpg\"\n                    width=\"210\"\n                    height=\"139\"\n                    style=\"max-width:100%;\"\n                \/>\n            <\/a>\n        <\/div>\n\t\t\t\t\t\t\t<\/div> \n\t\t\t\n\t\t\t\t<div id=\"ngg-image-2\" class=\"ngg-gallery-thumbnail-box \" >\n\t\t\t\t        <div class=\"ngg-gallery-thumbnail\">\n            <a href=\"https:\/\/hit-maschinenbau.de\/wp-content\/gallery\/1-7-3-lattenbuendel-und-paketieranlagen\/saegewerk-mayer-mai-07-15.jpg\"\n               title=\"\"\n               data-src=\"https:\/\/hit-maschinenbau.de\/wp-content\/gallery\/1-7-3-lattenbuendel-und-paketieranlagen\/saegewerk-mayer-mai-07-15.jpg\"\n               data-thumbnail=\"https:\/\/hit-maschinenbau.de\/wp-content\/gallery\/1-7-3-lattenbuendel-und-paketieranlagen\/thumbs\/thumbs_saegewerk-mayer-mai-07-15.jpg\"\n               data-image-id=\"193\"\n               data-title=\"saegewerk-mayer-mai-07-15\"\n               data-description=\"\"\n               data-image-slug=\"saegewerk-mayer-mai-07-15\"\n               class=\"ngg-simplelightbox\" rel=\"947fc5a8b2c7cafd6c00a0002b399c7f\">\n                <img class=\"colorbox-273\" \n                    title=\"saegewerk-mayer-mai-07-15\"\n                    alt=\"saegewerk-mayer-mai-07-15\"\n                    src=\"https:\/\/hit-maschinenbau.de\/wp-content\/gallery\/1-7-3-lattenbuendel-und-paketieranlagen\/thumbs\/thumbs_saegewerk-mayer-mai-07-15.jpg\"\n                    width=\"210\"\n                    height=\"157\"\n                    style=\"max-width:100%;\"\n                \/>\n            <\/a>\n        <\/div>\n\t\t\t\t\t\t\t<\/div> \n\t\t\t\n\t\n\t<br style=\"clear: both\" \/>\n\n\t\n\t\t<!-- Pagination -->\n\t<div class='ngg-clear'><\/div>\t<\/div>\n\n<p>  <\/p>","protected":false},"excerpt":{"rendered":"<\/p>\n<p> Lattenb\u00fcndel- und Paketieranlagen <\/p>\n<p>Unsere Lattenb\u00fcndel- und Paketieranlagen erm\u00f6glichen es, die anfallenden Latten effizient mit nur einem Bedienmann zu Bunden zusammen zu fassen, diese automatisch zu umreifen und zu kappen [&#8230;]<\/p>\n","protected":false},"author":4,"featured_media":0,"parent":87,"menu_order":92,"comment_status":"closed","ping_status":"closed","template":"","meta":{"ngg_post_thumbnail":0},"_links":{"self":[{"href":"https:\/\/hit-maschinenbau.de\/index.php\/wp-json\/wp\/v2\/pages\/273"}],"collection":[{"href":"https:\/\/hit-maschinenbau.de\/index.php\/wp-json\/wp\/v2\/pages"}],"about":[{"href":"https:\/\/hit-maschinenbau.de\/index.php\/wp-json\/wp\/v2\/types\/page"}],"author":[{"embeddable":true,"href":"https:\/\/hit-maschinenbau.de\/index.php\/wp-json\/wp\/v2\/users\/4"}],"replies":[{"embeddable":true,"href":"https:\/\/hit-maschinenbau.de\/index.php\/wp-json\/wp\/v2\/comments?post=273"}],"version-history":[{"count":16,"href":"https:\/\/hit-maschinenbau.de\/index.php\/wp-json\/wp\/v2\/pages\/273\/revisions"}],"predecessor-version":[{"id":3249,"href":"https:\/\/hit-maschinenbau.de\/index.php\/wp-json\/wp\/v2\/pages\/273\/revisions\/3249"}],"up":[{"embeddable":true,"href":"https:\/\/hit-maschinenbau.de\/index.php\/wp-json\/wp\/v2\/pages\/87"}],"wp:attachment":[{"href":"https:\/\/hit-maschinenbau.de\/index.php\/wp-json\/wp\/v2\/media?parent=273"}],"curies":[{"name":"wp","href":"https:\/\/api.w.org\/{rel}","templated":true}]}}