{"id":324,"date":"2013-03-21T12:17:40","date_gmt":"2013-03-21T10:17:40","guid":{"rendered":"http:\/\/www.hit-maschinenbau.de\/?page_id=324"},"modified":"2015-04-29T12:04:53","modified_gmt":"2015-04-29T10:04:53","slug":"paketabtransport","status":"publish","type":"page","link":"https:\/\/hit-maschinenbau.de\/index.php\/hobeltechnik\/stapeln\/paketabtransport\/","title":{"rendered":"Paketabtransport"},"content":{"rendered":"<p><\/p>\n<h2>Paketabtransport<\/h2>\n<p>Mit dem Paketabtransport wird das Paket von der Stapelanlage \u00fcbernommen, transportiert und f\u00fcr eine Abnahme mit dem Gabelstapler oder Kran bereitgestellt, bzw. auf die nachfolgende Mechanisierung \u00fcbergeben.<\/p>\n<p>&nbsp;<\/p>\n<p><strong>Zu unserem Lieferumfang geh\u00f6ren:<\/strong><\/p>\n<p>&nbsp;<\/p>\n<ul>\n<li>Quer- und L\u00e4ngstransportsysteme<\/li>\n<li>Paketpressen<\/li>\n<li>Paketumreifungshilfen<\/li>\n<li>Paketumreifungen<\/li>\n<li>Paketfolierungen<\/li>\n<\/ul>\n<p>  <\/p>","protected":false},"excerpt":{"rendered":"<\/p>\n<p> Paketabtransport <\/p>\n<p>Mit dem Paketabtransport wird das Paket von der Stapelanlage \u00fcbernommen, transportiert und f\u00fcr eine Abnahme mit dem Gabelstapler oder Kran bereitgestellt, bzw. auf die nachfolgende Mechanisierung \u00fcbergeben.<\/p>\n<p>&nbsp;<\/p>\n<p> [&#8230;]<\/p>\n","protected":false},"author":4,"featured_media":0,"parent":289,"menu_order":70,"comment_status":"closed","ping_status":"closed","template":"","meta":{"ngg_post_thumbnail":0},"_links":{"self":[{"href":"https:\/\/hit-maschinenbau.de\/index.php\/wp-json\/wp\/v2\/pages\/324"}],"collection":[{"href":"https:\/\/hit-maschinenbau.de\/index.php\/wp-json\/wp\/v2\/pages"}],"about":[{"href":"https:\/\/hit-maschinenbau.de\/index.php\/wp-json\/wp\/v2\/types\/page"}],"author":[{"embeddable":true,"href":"https:\/\/hit-maschinenbau.de\/index.php\/wp-json\/wp\/v2\/users\/4"}],"replies":[{"embeddable":true,"href":"https:\/\/hit-maschinenbau.de\/index.php\/wp-json\/wp\/v2\/comments?post=324"}],"version-history":[{"count":13,"href":"https:\/\/hit-maschinenbau.de\/index.php\/wp-json\/wp\/v2\/pages\/324\/revisions"}],"predecessor-version":[{"id":3280,"href":"https:\/\/hit-maschinenbau.de\/index.php\/wp-json\/wp\/v2\/pages\/324\/revisions\/3280"}],"up":[{"embeddable":true,"href":"https:\/\/hit-maschinenbau.de\/index.php\/wp-json\/wp\/v2\/pages\/289"}],"wp:attachment":[{"href":"https:\/\/hit-maschinenbau.de\/index.php\/wp-json\/wp\/v2\/media?parent=324"}],"curies":[{"name":"wp","href":"https:\/\/api.w.org\/{rel}","templated":true}]}}