{"id":352,"date":"2013-03-21T12:27:41","date_gmt":"2013-03-21T10:27:41","guid":{"rendered":"http:\/\/www.hit-maschinenbau.de\/?page_id=352"},"modified":"2015-04-29T14:53:33","modified_gmt":"2015-04-29T12:53:33","slug":"flickstationen","status":"publish","type":"page","link":"https:\/\/hit-maschinenbau.de\/index.php\/leimholztechnik\/flickstationen\/","title":{"rendered":"Flickstationen"},"content":{"rendered":"<p><\/p>\n<h2>Flickstationen<\/h2>\n<p>Unsere Flickstationen zur Ausbesserung von Fehlstellen im Holz erm\u00f6glichen Ihnen die Umsetzung h\u00f6chster Qualit\u00e4tsanspr\u00fcche an das Endprodukt.\u00a0Unsere Systeme erlauben eine Ausbesserung der Fehlstellen mit minimierten Zeit- und Personalaufwand und steigern so die Produktivit\u00e4t der gesamten Fertigung.\u00a0Durch sinnvolle Automatisierungen, wie zum Beispiel Wendeeinrichtungen wird zudem die k\u00f6rperliche Belastung des Bedienpersonals reduziert.<\/p>\n<p>&nbsp;<\/p>\n<p>Um die Anordnung mehrerer Bearbeitungspl\u00e4tze auf engstem Raum zu realisieren, k\u00f6nnen unsere Flickstationen mehretagig ausgef\u00fchrt werden. Durch diese platzsparende Anordnung der Bearbeitungspl\u00e4tze auf mehreren Etagen wird der Bedarf an Hallengrundfl\u00e4che auf ein Minimum reduziert.<\/p>\n<p>&nbsp;<\/p>\n<p>Unsere Mechanisierungen garantieren k\u00fcrzeste Manipulationszeiten der H\u00f6lzer.<\/p>\n<p>&nbsp;<\/p>\n<p><strong>Zu unserem Lieferumfang geh\u00f6ren:<\/strong><\/p>\n<p>&nbsp;<\/p>\n<ul>\n<li><a title=\"Automatisches Flicksystem\" href=\"https:\/\/www.hit-maschinenbau.de\/leimholztechnik\/flickstationen\/automatisches-flicksystem\">Automatisches Flicksystem<\/a> <strong>&#8222;woodFIX&#8220;<\/strong><\/li>\n<li><a title=\"Halbautomatische Flicksysteme\" href=\"https:\/\/www.hit-maschinenbau.de\/leimholztechnik\/flickstationen\/halbautomatisches-flicksystem\">Halbautomatische Flicksysteme<\/a><\/li>\n<li><a title=\"Manuelle Flickstationen\" href=\"https:\/\/www.hit-maschinenbau.de\/leimholztechnik\/flickstationen\/manuelle-flickstation\">Manuelle Flickstationen<\/a><\/li>\n<li>Automatische Wendeeinrichtungen<\/li>\n<\/ul>\n<p><!-- default-view.php -->\n<div\n\tclass=\"ngg-galleryoverview default-view \"\n\tid=\"ngg-gallery-9e487b0c7e80c7f891b210c151e2403f-1\">\n\n\t\t<!-- Thumbnails -->\n\t\t\t\t<div id=\"ngg-image-0\" class=\"ngg-gallery-thumbnail-box \" >\n\t\t\t\t        <div class=\"ngg-gallery-thumbnail\">\n            <a href=\"https:\/\/hit-maschinenbau.de\/wp-content\/gallery\/3-5-flickstationen\/flickstationen_1.jpg\"\n               title=\"\"\n               data-src=\"https:\/\/hit-maschinenbau.de\/wp-content\/gallery\/3-5-flickstationen\/flickstationen_1.jpg\"\n               data-thumbnail=\"https:\/\/hit-maschinenbau.de\/wp-content\/gallery\/3-5-flickstationen\/thumbs\/thumbs_flickstationen_1.jpg\"\n               data-image-id=\"396\"\n               data-title=\"flickstationen_1\"\n               data-description=\"\"\n               data-image-slug=\"flickstationen_1\"\n               class=\"ngg-simplelightbox\" rel=\"9e487b0c7e80c7f891b210c151e2403f\">\n                <img class=\"colorbox-352\" \n                    title=\"flickstationen_1\"\n                    alt=\"flickstationen_1\"\n                    src=\"https:\/\/hit-maschinenbau.de\/wp-content\/gallery\/3-5-flickstationen\/thumbs\/thumbs_flickstationen_1.jpg\"\n                    width=\"210\"\n                    height=\"157\"\n                    style=\"max-width:100%;\"\n                \/>\n            <\/a>\n        <\/div>\n\t\t\t\t\t\t\t<\/div> \n\t\t\t\n\t\t\t\t<div id=\"ngg-image-1\" class=\"ngg-gallery-thumbnail-box \" >\n\t\t\t\t        <div class=\"ngg-gallery-thumbnail\">\n            <a href=\"https:\/\/hit-maschinenbau.de\/wp-content\/gallery\/3-5-flickstationen\/flickstationen_2.jpg\"\n               title=\"\"\n               data-src=\"https:\/\/hit-maschinenbau.de\/wp-content\/gallery\/3-5-flickstationen\/flickstationen_2.jpg\"\n               data-thumbnail=\"https:\/\/hit-maschinenbau.de\/wp-content\/gallery\/3-5-flickstationen\/thumbs\/thumbs_flickstationen_2.jpg\"\n               data-image-id=\"397\"\n               data-title=\"flickstationen_2\"\n               data-description=\"\"\n               data-image-slug=\"flickstationen_2\"\n               class=\"ngg-simplelightbox\" rel=\"9e487b0c7e80c7f891b210c151e2403f\">\n                <img class=\"colorbox-352\" \n                    title=\"flickstationen_2\"\n                    alt=\"flickstationen_2\"\n                    src=\"https:\/\/hit-maschinenbau.de\/wp-content\/gallery\/3-5-flickstationen\/thumbs\/thumbs_flickstationen_2.jpg\"\n                    width=\"210\"\n                    height=\"118\"\n                    style=\"max-width:100%;\"\n                \/>\n            <\/a>\n        <\/div>\n\t\t\t\t\t\t\t<\/div> \n\t\t\t\n\t\t\t\t<div id=\"ngg-image-2\" class=\"ngg-gallery-thumbnail-box \" >\n\t\t\t\t        <div class=\"ngg-gallery-thumbnail\">\n            <a href=\"https:\/\/hit-maschinenbau.de\/wp-content\/gallery\/3-5-flickstationen\/flickstationen_3.jpg\"\n               title=\"\"\n               data-src=\"https:\/\/hit-maschinenbau.de\/wp-content\/gallery\/3-5-flickstationen\/flickstationen_3.jpg\"\n               data-thumbnail=\"https:\/\/hit-maschinenbau.de\/wp-content\/gallery\/3-5-flickstationen\/thumbs\/thumbs_flickstationen_3.jpg\"\n               data-image-id=\"398\"\n               data-title=\"flickstationen_3\"\n               data-description=\"\"\n               data-image-slug=\"flickstationen_3\"\n               class=\"ngg-simplelightbox\" rel=\"9e487b0c7e80c7f891b210c151e2403f\">\n                <img class=\"colorbox-352\" \n                    title=\"flickstationen_3\"\n                    alt=\"flickstationen_3\"\n                    src=\"https:\/\/hit-maschinenbau.de\/wp-content\/gallery\/3-5-flickstationen\/thumbs\/thumbs_flickstationen_3.jpg\"\n                    width=\"210\"\n                    height=\"157\"\n                    style=\"max-width:100%;\"\n                \/>\n            <\/a>\n        <\/div>\n\t\t\t\t\t\t\t<\/div> \n\t\t\t\n\t\n\t<br style=\"clear: both\" \/>\n\n\t\n\t\t<!-- Pagination -->\n\t<div class='ngg-clear'><\/div>\t<\/div>\n<br \/>\n  <\/p>","protected":false},"excerpt":{"rendered":"<\/p>\n<p> Flickstationen <\/p>\n<p>Unsere Flickstationen zur Ausbesserung von Fehlstellen im Holz erm\u00f6glichen Ihnen die Umsetzung h\u00f6chster Qualit\u00e4tsanspr\u00fcche an das Endprodukt.\u00a0Unsere Systeme erlauben eine Ausbesserung der Fehlstellen mit minimierten Zeit- und Personalaufwand [&#8230;]<\/p>\n","protected":false},"author":4,"featured_media":0,"parent":114,"menu_order":27,"comment_status":"closed","ping_status":"closed","template":"","meta":{"ngg_post_thumbnail":0},"_links":{"self":[{"href":"https:\/\/hit-maschinenbau.de\/index.php\/wp-json\/wp\/v2\/pages\/352"}],"collection":[{"href":"https:\/\/hit-maschinenbau.de\/index.php\/wp-json\/wp\/v2\/pages"}],"about":[{"href":"https:\/\/hit-maschinenbau.de\/index.php\/wp-json\/wp\/v2\/types\/page"}],"author":[{"embeddable":true,"href":"https:\/\/hit-maschinenbau.de\/index.php\/wp-json\/wp\/v2\/users\/4"}],"replies":[{"embeddable":true,"href":"https:\/\/hit-maschinenbau.de\/index.php\/wp-json\/wp\/v2\/comments?post=352"}],"version-history":[{"count":13,"href":"https:\/\/hit-maschinenbau.de\/index.php\/wp-json\/wp\/v2\/pages\/352\/revisions"}],"predecessor-version":[{"id":3313,"href":"https:\/\/hit-maschinenbau.de\/index.php\/wp-json\/wp\/v2\/pages\/352\/revisions\/3313"}],"up":[{"embeddable":true,"href":"https:\/\/hit-maschinenbau.de\/index.php\/wp-json\/wp\/v2\/pages\/114"}],"wp:attachment":[{"href":"https:\/\/hit-maschinenbau.de\/index.php\/wp-json\/wp\/v2\/media?parent=352"}],"curies":[{"name":"wp","href":"https:\/\/api.w.org\/{rel}","templated":true}]}}