{"id":356,"date":"2013-03-21T12:28:23","date_gmt":"2013-03-21T10:28:23","guid":{"rendered":"http:\/\/www.hit-maschinenbau.de\/?page_id=356"},"modified":"2015-04-29T15:31:05","modified_gmt":"2015-04-29T13:31:05","slug":"stapeln","status":"publish","type":"page","link":"https:\/\/hit-maschinenbau.de\/index.php\/leimholztechnik\/stapeln\/","title":{"rendered":"Stapeln"},"content":{"rendered":"<p><\/p>\n<h2>Stapeln<\/h2>\n<p>Wir liefern robuste und zuverl\u00e4ssige Stapelmaschinen f\u00fcr die Paketbildung und achten bei der Ausf\u00fchrung insbesondere auf einen schonenden Holztransport, so dass Besch\u00e4digungen am fertigen Produkt vermieden werden. Dies erreichen wir unter anderem durch die Ausf\u00fchrung der F\u00f6rderer mit Riemen, Riemenauflagen oder Kunststofflaschenketten sowie durch die Beschichtung der Stapelzungen mit besonders gleitf\u00e4higen Materialien.<\/p>\n<p>&nbsp;<\/p>\n<p>Unsere Stapelanlagen k\u00f6nnen geteilt ausgef\u00fchrt werden, so dass gleichzeitig mehrere Holzl\u00e4ngen nebeneinander gestapelt werden k\u00f6nnen. Somit k\u00f6nnen die Zykluszeiten f\u00fcr die Paketbildung reduziert werden.<\/p>\n<p>&nbsp;<\/p>\n<p>Ebenfalls m\u00f6glich ist das Stapeln mit mehreren Holzfluchten zur Reduzierung der Strangzahlen an der Stapelanlage.<\/p>\n<p><!-- default-view.php -->\n<div\n\tclass=\"ngg-galleryoverview default-view \"\n\tid=\"ngg-gallery-b6d7b3248433b62c04f98b7137794302-1\">\n\n\t\t<!-- Thumbnails -->\n\t\t\t\t<div id=\"ngg-image-0\" class=\"ngg-gallery-thumbnail-box \" >\n\t\t\t\t        <div class=\"ngg-gallery-thumbnail\">\n            <a href=\"https:\/\/hit-maschinenbau.de\/wp-content\/gallery\/3-7-stapeln\/stapeln_1.jpg\"\n               title=\"\"\n               data-src=\"https:\/\/hit-maschinenbau.de\/wp-content\/gallery\/3-7-stapeln\/stapeln_1.jpg\"\n               data-thumbnail=\"https:\/\/hit-maschinenbau.de\/wp-content\/gallery\/3-7-stapeln\/thumbs\/thumbs_stapeln_1.jpg\"\n               data-image-id=\"429\"\n               data-title=\"stapeln_1\"\n               data-description=\"\"\n               data-image-slug=\"stapeln_1\"\n               class=\"ngg-simplelightbox\" rel=\"b6d7b3248433b62c04f98b7137794302\">\n                <img class=\"colorbox-356\" \n                    title=\"stapeln_1\"\n                    alt=\"stapeln_1\"\n                    src=\"https:\/\/hit-maschinenbau.de\/wp-content\/gallery\/3-7-stapeln\/thumbs\/thumbs_stapeln_1.jpg\"\n                    width=\"210\"\n                    height=\"157\"\n                    style=\"max-width:100%;\"\n                \/>\n            <\/a>\n        <\/div>\n\t\t\t\t\t\t\t<\/div> \n\t\t\t\n\t\t\t\t<div id=\"ngg-image-1\" class=\"ngg-gallery-thumbnail-box \" >\n\t\t\t\t        <div class=\"ngg-gallery-thumbnail\">\n            <a href=\"https:\/\/hit-maschinenbau.de\/wp-content\/gallery\/3-7-stapeln\/stapeln_4.jpg\"\n               title=\"\"\n               data-src=\"https:\/\/hit-maschinenbau.de\/wp-content\/gallery\/3-7-stapeln\/stapeln_4.jpg\"\n               data-thumbnail=\"https:\/\/hit-maschinenbau.de\/wp-content\/gallery\/3-7-stapeln\/thumbs\/thumbs_stapeln_4.jpg\"\n               data-image-id=\"433\"\n               data-title=\"stapeln_4\"\n               data-description=\"\"\n               data-image-slug=\"stapeln_4\"\n               class=\"ngg-simplelightbox\" rel=\"b6d7b3248433b62c04f98b7137794302\">\n                <img class=\"colorbox-356\" \n                    title=\"stapeln_4\"\n                    alt=\"stapeln_4\"\n                    src=\"https:\/\/hit-maschinenbau.de\/wp-content\/gallery\/3-7-stapeln\/thumbs\/thumbs_stapeln_4.jpg\"\n                    width=\"210\"\n                    height=\"157\"\n                    style=\"max-width:100%;\"\n                \/>\n            <\/a>\n        <\/div>\n\t\t\t\t\t\t\t<\/div> \n\t\t\t\n\t\t\t\t<div id=\"ngg-image-2\" class=\"ngg-gallery-thumbnail-box \" >\n\t\t\t\t        <div class=\"ngg-gallery-thumbnail\">\n            <a href=\"https:\/\/hit-maschinenbau.de\/wp-content\/gallery\/3-7-stapeln\/stapeln_7.jpg\"\n               title=\"\"\n               data-src=\"https:\/\/hit-maschinenbau.de\/wp-content\/gallery\/3-7-stapeln\/stapeln_7.jpg\"\n               data-thumbnail=\"https:\/\/hit-maschinenbau.de\/wp-content\/gallery\/3-7-stapeln\/thumbs\/thumbs_stapeln_7.jpg\"\n               data-image-id=\"436\"\n               data-title=\"stapeln_7\"\n               data-description=\"\"\n               data-image-slug=\"stapeln_7\"\n               class=\"ngg-simplelightbox\" rel=\"b6d7b3248433b62c04f98b7137794302\">\n                <img class=\"colorbox-356\" \n                    title=\"stapeln_7\"\n                    alt=\"stapeln_7\"\n                    src=\"https:\/\/hit-maschinenbau.de\/wp-content\/gallery\/3-7-stapeln\/thumbs\/thumbs_stapeln_7.jpg\"\n                    width=\"210\"\n                    height=\"157\"\n                    style=\"max-width:100%;\"\n                \/>\n            <\/a>\n        <\/div>\n\t\t\t\t\t\t\t<\/div> \n\t\t\t\n\t\n\t<br style=\"clear: both\" \/>\n\n\t\n\t\t<!-- Pagination -->\n\t<div class='ngg-clear'><\/div>\t<\/div>\n<br \/>\n  <\/p>","protected":false},"excerpt":{"rendered":"<\/p>\n<p> Stapeln <\/p>\n<p>Wir liefern robuste und zuverl\u00e4ssige Stapelmaschinen f\u00fcr die Paketbildung und achten bei der Ausf\u00fchrung insbesondere auf einen schonenden Holztransport, so dass Besch\u00e4digungen am fertigen Produkt vermieden werden. Dies [&#8230;]<\/p>\n","protected":false},"author":4,"featured_media":0,"parent":114,"menu_order":31,"comment_status":"closed","ping_status":"closed","template":"","meta":{"ngg_post_thumbnail":0},"_links":{"self":[{"href":"https:\/\/hit-maschinenbau.de\/index.php\/wp-json\/wp\/v2\/pages\/356"}],"collection":[{"href":"https:\/\/hit-maschinenbau.de\/index.php\/wp-json\/wp\/v2\/pages"}],"about":[{"href":"https:\/\/hit-maschinenbau.de\/index.php\/wp-json\/wp\/v2\/types\/page"}],"author":[{"embeddable":true,"href":"https:\/\/hit-maschinenbau.de\/index.php\/wp-json\/wp\/v2\/users\/4"}],"replies":[{"embeddable":true,"href":"https:\/\/hit-maschinenbau.de\/index.php\/wp-json\/wp\/v2\/comments?post=356"}],"version-history":[{"count":12,"href":"https:\/\/hit-maschinenbau.de\/index.php\/wp-json\/wp\/v2\/pages\/356\/revisions"}],"predecessor-version":[{"id":3324,"href":"https:\/\/hit-maschinenbau.de\/index.php\/wp-json\/wp\/v2\/pages\/356\/revisions\/3324"}],"up":[{"embeddable":true,"href":"https:\/\/hit-maschinenbau.de\/index.php\/wp-json\/wp\/v2\/pages\/114"}],"wp:attachment":[{"href":"https:\/\/hit-maschinenbau.de\/index.php\/wp-json\/wp\/v2\/media?parent=356"}],"curies":[{"name":"wp","href":"https:\/\/api.w.org\/{rel}","templated":true}]}}