{"id":358,"date":"2013-03-21T12:28:55","date_gmt":"2013-03-21T10:28:55","guid":{"rendered":"http:\/\/www.hit-maschinenbau.de\/?page_id=358"},"modified":"2015-04-29T15:35:57","modified_gmt":"2015-04-29T13:35:57","slug":"kommissionieren","status":"publish","type":"page","link":"https:\/\/hit-maschinenbau.de\/index.php\/leimholztechnik\/kommissionieren\/","title":{"rendered":"Kommissionieren"},"content":{"rendered":"<p><\/p>\n<h2>Kommissionieren<\/h2>\n<p>Die Zusammenstellung einer kompletten Lieferung aus einer Vielzahl von Einzelteilen, gewinnt immer mehr an Bedeutung. Die Vorteile der Kommissionierung liegen auf der Hand \u2013 der Endkunde erh\u00e4lt exakt die Mengen, die er bestellt hat. Eine weitere Bearbeitung der Ware durch einen zus\u00e4tzlichen Zuschnitt entf\u00e4llt und verschafft Ihrem Kunden so einen klaren Wettbewerbsvorteil.<\/p>\n<p>&nbsp;<\/p>\n<p>Der Trend zur Kommissionierung verlangt zum einen flexible Fertigungslinien und zum anderen Maschinen und Anlagentechnik die eine rasche Bildung der Kommissionen aus bereits vorgefertigter Ware erm\u00f6glichen.<\/p>\n<p>&nbsp;<\/p>\n<p>Unsere Konzepte erm\u00f6glichen Ihnen ein H\u00f6chstma\u00df an Flexibilit\u00e4t.<\/p>\n<p>&nbsp;<\/p>\n<p><strong>Zu unserem Lieferumfang geh\u00f6ren:<\/strong><\/p>\n<p>&nbsp;<\/p>\n<ul>\n<li><a title=\"Ein- und Mehrfachabl\u00e4ngs\u00e4gen\" href=\"https:\/\/www.hit-maschinenbau.de\/leimholztechnik\/kommissionieren\/ein-und-mehrfachablaengsaegen\">Ein- und Mehrfachabl\u00e4ngs\u00e4gen<\/a> f\u00fcr den L\u00e4ngenzuschnitt der Kommissionen<\/li>\n<li><a title=\"Lagersysteme und Handlingger\u00e4te\" href=\"https:\/\/www.hit-maschinenbau.de\/leimholztechnik\/kommissionieren\/lagersysteme-und-handlinggeraete\">Lagersysteme<\/a> zur Zwischenlagerung der Ware vor der Kommissionierung<\/li>\n<li><a title=\"Lagersysteme und Handlingger\u00e4te\" href=\"https:\/\/www.hit-maschinenbau.de\/leimholztechnik\/kommissionieren\/lagersysteme-und-handlinggeraete\">Handlingger\u00e4te<\/a> f\u00fcr die Zusammenstellung von Kommissionen<\/li>\n<\/ul>\n<p><!-- default-view.php -->\n<div\n\tclass=\"ngg-galleryoverview default-view \"\n\tid=\"ngg-gallery-72fcf0d531fb0e1cc7608ffc0a9e420f-1\">\n\n\t\t<!-- Thumbnails -->\n\t\t\t\t<div id=\"ngg-image-0\" class=\"ngg-gallery-thumbnail-box \" >\n\t\t\t\t        <div class=\"ngg-gallery-thumbnail\">\n            <a href=\"https:\/\/hit-maschinenbau.de\/wp-content\/gallery\/3-8-kommissionieren\/kommissionieren_1.jpg\"\n               title=\"\"\n               data-src=\"https:\/\/hit-maschinenbau.de\/wp-content\/gallery\/3-8-kommissionieren\/kommissionieren_1.jpg\"\n               data-thumbnail=\"https:\/\/hit-maschinenbau.de\/wp-content\/gallery\/3-8-kommissionieren\/thumbs\/thumbs_kommissionieren_1.jpg\"\n               data-image-id=\"439\"\n               data-title=\"kommissionieren_1\"\n               data-description=\"\"\n               data-image-slug=\"kommissionieren_1\"\n               class=\"ngg-simplelightbox\" rel=\"72fcf0d531fb0e1cc7608ffc0a9e420f\">\n                <img class=\"colorbox-358\" \n                    title=\"kommissionieren_1\"\n                    alt=\"kommissionieren_1\"\n                    src=\"https:\/\/hit-maschinenbau.de\/wp-content\/gallery\/3-8-kommissionieren\/thumbs\/thumbs_kommissionieren_1.jpg\"\n                    width=\"210\"\n                    height=\"157\"\n                    style=\"max-width:100%;\"\n                \/>\n            <\/a>\n        <\/div>\n\t\t\t\t\t\t\t<\/div> \n\t\t\t\n\t\t\t\t<div id=\"ngg-image-1\" class=\"ngg-gallery-thumbnail-box \" >\n\t\t\t\t        <div class=\"ngg-gallery-thumbnail\">\n            <a href=\"https:\/\/hit-maschinenbau.de\/wp-content\/gallery\/3-8-kommissionieren\/kommissionieren_2.jpg\"\n               title=\"\"\n               data-src=\"https:\/\/hit-maschinenbau.de\/wp-content\/gallery\/3-8-kommissionieren\/kommissionieren_2.jpg\"\n               data-thumbnail=\"https:\/\/hit-maschinenbau.de\/wp-content\/gallery\/3-8-kommissionieren\/thumbs\/thumbs_kommissionieren_2.jpg\"\n               data-image-id=\"440\"\n               data-title=\"kommissionieren_2\"\n               data-description=\"\"\n               data-image-slug=\"kommissionieren_2\"\n               class=\"ngg-simplelightbox\" rel=\"72fcf0d531fb0e1cc7608ffc0a9e420f\">\n                <img class=\"colorbox-358\" \n                    title=\"kommissionieren_2\"\n                    alt=\"kommissionieren_2\"\n                    src=\"https:\/\/hit-maschinenbau.de\/wp-content\/gallery\/3-8-kommissionieren\/thumbs\/thumbs_kommissionieren_2.jpg\"\n                    width=\"210\"\n                    height=\"157\"\n                    style=\"max-width:100%;\"\n                \/>\n            <\/a>\n        <\/div>\n\t\t\t\t\t\t\t<\/div> \n\t\t\t\n\t\n\t<br style=\"clear: both\" \/>\n\n\t\n\t\t<!-- Pagination -->\n\t<div class='ngg-clear'><\/div>\t<\/div>\n<br \/>\n  <\/p>","protected":false},"excerpt":{"rendered":"<\/p>\n<p> Kommissionieren <\/p>\n<p>Die Zusammenstellung einer kompletten Lieferung aus einer Vielzahl von Einzelteilen, gewinnt immer mehr an Bedeutung. Die Vorteile der Kommissionierung liegen auf der Hand \u2013 der Endkunde erh\u00e4lt exakt [&#8230;]<\/p>\n","protected":false},"author":4,"featured_media":0,"parent":114,"menu_order":32,"comment_status":"closed","ping_status":"closed","template":"","meta":{"ngg_post_thumbnail":0},"_links":{"self":[{"href":"https:\/\/hit-maschinenbau.de\/index.php\/wp-json\/wp\/v2\/pages\/358"}],"collection":[{"href":"https:\/\/hit-maschinenbau.de\/index.php\/wp-json\/wp\/v2\/pages"}],"about":[{"href":"https:\/\/hit-maschinenbau.de\/index.php\/wp-json\/wp\/v2\/types\/page"}],"author":[{"embeddable":true,"href":"https:\/\/hit-maschinenbau.de\/index.php\/wp-json\/wp\/v2\/users\/4"}],"replies":[{"embeddable":true,"href":"https:\/\/hit-maschinenbau.de\/index.php\/wp-json\/wp\/v2\/comments?post=358"}],"version-history":[{"count":13,"href":"https:\/\/hit-maschinenbau.de\/index.php\/wp-json\/wp\/v2\/pages\/358\/revisions"}],"predecessor-version":[{"id":3326,"href":"https:\/\/hit-maschinenbau.de\/index.php\/wp-json\/wp\/v2\/pages\/358\/revisions\/3326"}],"up":[{"embeddable":true,"href":"https:\/\/hit-maschinenbau.de\/index.php\/wp-json\/wp\/v2\/pages\/114"}],"wp:attachment":[{"href":"https:\/\/hit-maschinenbau.de\/index.php\/wp-json\/wp\/v2\/media?parent=358"}],"curies":[{"name":"wp","href":"https:\/\/api.w.org\/{rel}","templated":true}]}}