{"id":82,"date":"2013-03-17T14:41:43","date_gmt":"2013-03-17T12:41:43","guid":{"rendered":"http:\/\/www.hit-maschinenbau.de\/?page_id=82"},"modified":"2022-07-05T12:21:43","modified_gmt":"2022-07-05T10:21:43","slug":"besaeum-und-nachschnitttechnik","status":"publish","type":"page","link":"https:\/\/hit-maschinenbau.de\/index.php\/saegetechnik\/besaeum-und-nachschnitttechnik\/","title":{"rendered":"Bes\u00e4um- und Nachschnitttechnik"},"content":{"rendered":"<p><\/p>\n<h2>Bes\u00e4um- und Nachschnitttechnik<\/h2>\n<p>Nach dem Vorschneiden der Ware mit den Hauptmaschinen handelt es sich beim Nachschneiden und Bes\u00e4umen um weitere wesentliche Schritte entlang der Wertsch\u00f6pfungskette vom Rundholz bis zum ausgeformten, scharfkantigen Brett.<\/p>\n<p>&nbsp;<\/p>\n<p>Mit unserer Maschinentechnik erzielen Sie bei diesen Bearbeitungsschritten die maximale Ausbeute aus den vorgeschnittenen Modeln.<\/p>\n<p>&nbsp;<\/p>\n<p><strong>Dies erreichen wir durch:<\/strong><\/p>\n<p>&nbsp;<\/p>\n<ul>\n<li>hochmoderne Multisensorsysteme zur Vermessung der Ware<\/li>\n<li>modernste Optimierungssoftware \u201eLM-Optim\u201c zur Optimierung der vermessenen Ware<\/li>\n<li>eine exakte Ausrichtung der Ware vor der S\u00e4ge durch unser neu entwickeltes Zentriersystem<\/li>\n<li>einer pr\u00e4zisen und sicheren F\u00fchrung der Ware durch die S\u00e4ge mittels untenliegendem Kettenbett und obenliegenden Druckrollen<\/li>\n<li>die schwere Stahlkonstruktion des Maschinenrahmens und die robuste, wartungsarme Ausf\u00fchrung aller Maschinenteile<\/li>\n<li>ausreichend hohe Antriebsleistung f\u00fcr S\u00e4ge- und Vorschubmotoren<\/li>\n<\/ul>\n<p>&nbsp;<\/p>\n<p><strong>Zu unserem Lieferumfang geh\u00f6ren:<\/strong><\/p>\n<p>&nbsp;<\/p>\n<ul>\n<li><a title=\"Nachschnitts\u00e4ge NSM 250\" href=\"https:\/\/www.hit-maschinenbau.de\/saegetechnik\/besaeum-und-nachschnitttechnik\/nachschnitttechnik\/nsm-250\">Nachschnitts\u00e4ge NSM<\/a><\/li>\n<li><a title=\"Nachschnitt- und Bes\u00e4ums\u00e4ge KSM 200\" href=\"https:\/\/www.hit-maschinenbau.de\/saegetechnik\/besaeum-und-nachschnitttechnik\/kombinierte-besaeum-und-nachschnitttechnik\/ksm-200\">kombinierte Nachschnitt- und Bes\u00e4ums\u00e4ge KSM<\/a><\/li>\n<li><a title=\"ASM Bes\u00e4ums\u00e4gen\" href=\"https:\/\/www.hit-maschinenbau.de\/saegetechnik\/besaeum-und-nachschnitttechnik\/besaeumtechnik\">Bes\u00e4ums\u00e4ge ASM<\/a><\/li>\n<\/ul>\n<p>&nbsp;<\/p>\n<p>Wir liefern ebenso die Schnittstelle zur \u00dcbergabe der Schnittholzdaten nach L\u00e4nge, Breite, St\u00e4rke und Qualit\u00e4t sowie deren Lage und erm\u00f6glichen so eine Trennung zum Sortieren. Eine zus\u00e4tzliche Klassifizierung bzw. Vermessung ist nicht notwendig. Messfehler werden ausgeschlossen.<\/p>\n<p>&nbsp;<\/p>\n<table>\n<tbody>\n<tr>\n<th>Maschine<\/th>\n<th>ASM 200<\/th>\n<th>ASM 300<\/th>\n<th>KSM 200<\/th>\n<th>NSM 250<\/th>\n<\/tr>\n<tr>\n<td><strong>Schnitth\u00f6he<\/strong><\/td>\n<td>18 &#8211; 130 mm<\/td>\n<td>18 &#8211; 60 mm<\/td>\n<td>18 &#8211; 200 mm<\/td>\n<td>40 &#8211; 250 mm<\/td>\n<\/tr>\n<tr>\n<td><strong>Breite unbes\u00e4umt<\/strong><\/td>\n<td>750 mm<\/td>\n<td>650 mm<\/td>\n<td>800 mm<\/td>\n<td>800 mm<\/td>\n<\/tr>\n<tr>\n<td><strong>Zugef\u00fchrte L\u00e4ngen<\/strong><\/td>\n<td style=\"text-align: center;\" colspan=\"2\">1 &#8211; 6 m<\/td>\n<td>1,5 &#8211; 6 m (je nach Anforderung auch Bauholzl\u00e4ngen)<\/td>\n<td>ab 2,5 m (je nach Anforderung)<\/td>\n<\/tr>\n<tr>\n<td><strong>Variabel Stiele<\/strong><\/td>\n<td style=\"text-align: center;\" colspan=\"2\">2 &#8211; 3 Stiele variabel<\/td>\n<td style=\"text-align: center;\" colspan=\"2\">5 Stiele variabel<\/td>\n<\/tr>\n<tr>\n<td><strong>Zuf\u00fchrung<\/strong><\/td>\n<td colspan=\"2\">\nKettenbett kombiniert mit Druckrollen oben<\/td>\n<td colspan=\"2\">\n<ul>\n<li><span style=\"line-height: 19px;\">Kettendruckbalken oben<\/span><\/li>\n<li><span style=\"line-height: 19px;\">alternativ auch mit Ausrichttisch<\/span><\/li>\n<li><span style=\"line-height: 19px;\">mit Kettenbett unten<\/span><\/li>\n<li><span style=\"line-height: 19px;\">Reifenzentrierwerk<\/span><\/li>\n<li><span style=\"line-height: 19px;\">Vorschubaggregat mit seitlichen F\u00fchrungsrollen<\/span><\/li>\n<\/ul>\n<\/td>\n<\/tr>\n<tr>\n<td><strong>Vorschub<\/strong><\/td>\n<td>max. 240 m \/ min.<\/td>\n<td>max. 300 m \/ min.<\/td>\n<td>max. 180 m \/ min.<\/td>\n<td>max. 60 m \/ min.<\/td>\n<\/tr>\n<tr>\n<td><strong>Leistung<\/strong><\/td>\n<td>max. 20 Takte \/ min.<\/td>\n<td>max. 30 Takte \/ min.<\/td>\n<td style=\"text-align: center;\" colspan=\"2\">max. 15 Takte \/ min.<\/td>\n<\/tr>\n<tr>\n<td><strong>Vermessung<\/strong><\/td>\n<td style=\"text-align: center;\" colspan=\"2\">Laservermessung<\/td>\n<td>Laservermessung kombiniert mit Kamerasystem<\/td>\n<td>Kamerasystem<\/td>\n<\/tr>\n<tr>\n<td><strong>Bes\u00e4umbreiten<\/strong><\/td>\n<td style=\"text-align: center;\" colspan=\"2\">Ausf\u00fchrung 2-stielig<br \/>\n24 &#8211; 400 mm<\/td>\n<td style=\"text-align: center;\" colspan=\"2\">18 &#8211; 400 mm<\/td>\n<\/tr>\n<tr>\n<td style=\"text-align: center;\"><\/td>\n<td style=\"text-align: center;\" colspan=\"2\">Ausf\u00fchrung 3-stielig<br \/>\n48 &#8211; 400 mm<\/td>\n<td colspan=\"2\"><\/td>\n<\/tr>\n<\/tbody>\n<\/table>\n<p><\/p>","protected":false},"excerpt":{"rendered":"<\/p>\n<p> Bes\u00e4um- und Nachschnitttechnik <\/p>\n<p>Nach dem Vorschneiden der Ware mit den Hauptmaschinen handelt es sich beim Nachschneiden und Bes\u00e4umen um weitere wesentliche Schritte entlang der Wertsch\u00f6pfungskette vom Rundholz bis zum [&#8230;]<\/p>\n","protected":false},"author":4,"featured_media":0,"parent":65,"menu_order":46,"comment_status":"closed","ping_status":"closed","template":"","meta":{"ngg_post_thumbnail":0},"_links":{"self":[{"href":"https:\/\/hit-maschinenbau.de\/index.php\/wp-json\/wp\/v2\/pages\/82"}],"collection":[{"href":"https:\/\/hit-maschinenbau.de\/index.php\/wp-json\/wp\/v2\/pages"}],"about":[{"href":"https:\/\/hit-maschinenbau.de\/index.php\/wp-json\/wp\/v2\/types\/page"}],"author":[{"embeddable":true,"href":"https:\/\/hit-maschinenbau.de\/index.php\/wp-json\/wp\/v2\/users\/4"}],"replies":[{"embeddable":true,"href":"https:\/\/hit-maschinenbau.de\/index.php\/wp-json\/wp\/v2\/comments?post=82"}],"version-history":[{"count":44,"href":"https:\/\/hit-maschinenbau.de\/index.php\/wp-json\/wp\/v2\/pages\/82\/revisions"}],"predecessor-version":[{"id":4127,"href":"https:\/\/hit-maschinenbau.de\/index.php\/wp-json\/wp\/v2\/pages\/82\/revisions\/4127"}],"up":[{"embeddable":true,"href":"https:\/\/hit-maschinenbau.de\/index.php\/wp-json\/wp\/v2\/pages\/65"}],"wp:attachment":[{"href":"https:\/\/hit-maschinenbau.de\/index.php\/wp-json\/wp\/v2\/media?parent=82"}],"curies":[{"name":"wp","href":"https:\/\/api.w.org\/{rel}","templated":true}]}}