{"id":86,"date":"2013-03-17T14:54:28","date_gmt":"2013-03-17T12:54:28","guid":{"rendered":"http:\/\/www.hit-maschinenbau.de\/?page_id=86"},"modified":"2015-04-29T10:54:19","modified_gmt":"2015-04-29T08:54:19","slug":"umstapelanlagen","status":"publish","type":"page","link":"https:\/\/hit-maschinenbau.de\/index.php\/saegetechnik\/umstapelanlagen\/","title":{"rendered":"Umstapelanlagen"},"content":{"rendered":"<p><\/p>\n<h2>Umstapelanlagen<\/h2>\n<p>Umstapelanlagen dienen, je nach Anforderung zum Entstapeln, Sortieren, Kappen und erneuten Aufstapeln von Schnittholz.\u00a0Die Pakete werden hierbei lagenweise \u00fcber eine Kipp-, Vakuum- oder Abschiebeentstapelung entstapelt.<\/p>\n<p>&nbsp;<\/p>\n<p>Die sich zwischen den Lagen befindenden Stapelleisten werden aufgefangen und entweder zur erneuten Verwendung aufgepuffert oder der Entsorgung zugef\u00fchrt.<\/p>\n<p>&nbsp;<\/p>\n<p>Das so entstapelte Schnittholz wird vereinzelt und kann durch einen Bediener beurteilt und sortiert werden. Unsere <a title=\"Sortierlinien - Beurteilungsstationen\" href=\"https:\/\/www.hit-maschinenbau.de\/saegetechnik\/sortierlinien\/beurteilungsstationen\">Beurteilungsstationen<\/a> zur Begutachtung von Schnittholz erm\u00f6glichen, je nach Ausf\u00fchrung eine Betrachtung der Holzoberfl\u00e4che von allen 4 Seiten. Die Qualit\u00e4tssortierung kann dabei manuell durch einen oder mehrere Mitarbeiter, oder aber automatisiert, z.B. durch unsere maschinelle Festigkeitssortierung <strong>\u201emtgBATCH\u201c<\/strong> erfolgen. Auch eine Kombination von manueller und automatischer Sortierung ist verf\u00fcgbar.<\/p>\n<p>&nbsp;<\/p>\n<p>Die Zuordnung der Qualit\u00e4t zum jeweiligen Brett kann auf verschiedenste Weise erfolgen, wie zum Beispiel bei einer manuellen Sortierung durch Ziehen oder Schieben der Bretter und dem Auslesen der Brettposition \u00fcber Lichttaster oder auch \u00fcber das Bet\u00e4tigen von Tastern. Bei einer automatischen Qualit\u00e4tssortierung werden die vom Scanner ermittelten Daten virtuell mit dem jeweiligen Brett verkn\u00fcpft.<\/p>\n<p>&nbsp;<\/p>\n<p>Um Verreihungen von Brettern und daraus folgend falsche Qualit\u00e4tszuweisungen innerhalb der Sortierlinie zu verhindern, sehen wir in unseren Anlagen diverse Mechanismen zur Verreihungs- und Plausibilit\u00e4tskontrolle, wie z.B. eine eindeutige Markierung der Bretter vor.<\/p>\n<p>&nbsp;<\/p>\n<p>Im Anschluss an die Sortierung mit Auswurf von Ausschuss oder zu feuchter Ware wird das Schnittholz i.d.R. stirnseitig mit einem Sauberkeitsschnitt auf exakte L\u00e4nge gekappt und zu neuen, sortenreinen Paketen aufgestapelt.<\/p>\n<p>&nbsp;<\/p>\n<p><a title=\"S\u00e4getechnik: Abl\u00e4ngs\u00e4gen\" href=\"https:\/\/www.hit-maschinenbau.de\/saegetechnik\/ablaengsaegen\">Details zu unseren Abl\u00e4ngs\u00e4gen finden Sie hier<\/a><\/p>\n<p><a title=\"S\u00e4getechnik: Stapelanlagen\" href=\"https:\/\/www.hit-maschinenbau.de\/saegetechnik\/stapeln\">Details zu unseren Stapelanlagen finden Sie hier<\/a><\/p>\n<p>&nbsp;<\/p>\n<p><strong>Zu unserem Lieferumfang geh\u00f6ren:<\/strong><\/p>\n<p>&nbsp;<\/p>\n<ul>\n<li><a title=\"S\u00e4getechnik: Umstapelanlagen ohne Sortierung\" href=\"https:\/\/www.hit-maschinenbau.de\/saegetechnik\/umstapeln\/umstapelanlagen-ohne-sortierung\">Umstapelanlagen ohne Sortierung<\/a><\/li>\n<li><a title=\"S\u00e4getechnik: Umstapelanlagen mit Sortierung\" href=\"https:\/\/www.hit-maschinenbau.de\/saegetechnik\/umstapeln\/umstapelanlagen-mit-sortierung\">Umstapelanlagen mit Sortierung<\/a><\/li>\n<\/ul>\n<p>            \n\t\t<div class=\"ngg-gallery-singlepic-image \" style=\"max-width: 210px\">\n\t\t\t    \t<a href=\"https:\/\/hit-maschinenbau.de\/wp-content\/gallery\/1-6-1-umstapelanlagen-ohne-sortierung\/p1050311.jpg\"\n\t\t     title=\"\"\n             data-src=\"https:\/\/hit-maschinenbau.de\/wp-content\/gallery\/1-6-1-umstapelanlagen-ohne-sortierung\/p1050311.jpg\"\n             data-thumbnail=\"https:\/\/hit-maschinenbau.de\/wp-content\/gallery\/1-6-1-umstapelanlagen-ohne-sortierung\/thumbs\/thumbs_p1050311.jpg\"\n             data-image-id=\"177\"\n             data-title=\"p1050311\"\n             data-description=\"\"\n             target='_self'\n             class=\"ngg-simplelightbox\" rel=\"a7505728cec1987cb6a16072ce22e16b\">\n            <img class=\"ngg-singlepic colorbox-86\"\n             src=\"https:\/\/hit-maschinenbau.de\/index.php\/nextgen-image\/177\/210x0x100\/e0d4ae564717d75127f62253c1423c3a\"\n             alt=\"p1050311\"\n             title=\"p1050311\"\n              width=\"210\"               \/>\n    \t<\/a>\n\t\t      <\/div>\n        <br \/>\n  <\/p>","protected":false},"excerpt":{"rendered":"<\/p>\n<p> Umstapelanlagen <\/p>\n<p>Umstapelanlagen dienen, je nach Anforderung zum Entstapeln, Sortieren, Kappen und erneuten Aufstapeln von Schnittholz.\u00a0Die Pakete werden hierbei lagenweise \u00fcber eine Kipp-, Vakuum- oder Abschiebeentstapelung entstapelt.<\/p>\n<p>&nbsp;<\/p>\n<p>Die sich [&#8230;]<\/p>\n","protected":false},"author":4,"featured_media":0,"parent":65,"menu_order":84,"comment_status":"closed","ping_status":"closed","template":"","meta":{"ngg_post_thumbnail":0},"_links":{"self":[{"href":"https:\/\/hit-maschinenbau.de\/index.php\/wp-json\/wp\/v2\/pages\/86"}],"collection":[{"href":"https:\/\/hit-maschinenbau.de\/index.php\/wp-json\/wp\/v2\/pages"}],"about":[{"href":"https:\/\/hit-maschinenbau.de\/index.php\/wp-json\/wp\/v2\/types\/page"}],"author":[{"embeddable":true,"href":"https:\/\/hit-maschinenbau.de\/index.php\/wp-json\/wp\/v2\/users\/4"}],"replies":[{"embeddable":true,"href":"https:\/\/hit-maschinenbau.de\/index.php\/wp-json\/wp\/v2\/comments?post=86"}],"version-history":[{"count":19,"href":"https:\/\/hit-maschinenbau.de\/index.php\/wp-json\/wp\/v2\/pages\/86\/revisions"}],"predecessor-version":[{"id":3240,"href":"https:\/\/hit-maschinenbau.de\/index.php\/wp-json\/wp\/v2\/pages\/86\/revisions\/3240"}],"up":[{"embeddable":true,"href":"https:\/\/hit-maschinenbau.de\/index.php\/wp-json\/wp\/v2\/pages\/65"}],"wp:attachment":[{"href":"https:\/\/hit-maschinenbau.de\/index.php\/wp-json\/wp\/v2\/media?parent=86"}],"curies":[{"name":"wp","href":"https:\/\/api.w.org\/{rel}","templated":true}]}}