{"id":87,"date":"2013-03-17T14:54:17","date_gmt":"2013-03-17T12:54:17","guid":{"rendered":"http:\/\/www.hit-maschinenbau.de\/?page_id=87"},"modified":"2015-04-29T11:06:11","modified_gmt":"2015-04-29T09:06:11","slug":"lattenmanipulation","status":"publish","type":"page","link":"https:\/\/hit-maschinenbau.de\/index.php\/saegetechnik\/lattenmanipulation\/","title":{"rendered":"Lattenmanipulation"},"content":{"rendered":"<p><\/p>\n<h2>Lattenmanipulation<\/h2>\n<p>Die Aufbereitung und Manipulation von Latten ist im S\u00e4gewerk oft einer der zeitintensivsten Bearbeitungsschritte. Unsere L\u00f6sungen verringern den Zeitaufwand f\u00fcr diesen Bearbeitungsschritt deutlich und entlasten somit das Bedienpersonal.<\/p>\n<p>&nbsp;<\/p>\n<p>Aufgrund der kleinen Querschnitte und der daraus resultierenden h\u00e4ufig starken Verformung von Latten legen wir bei unseren Konzepten zur Manipulation von dieser Ware besonderen Wert auf eine sichere F\u00fchrung der H\u00f6lzer und m\u00f6glichst kurze Transportwege bis zur Stapelbildung.<\/p>\n<p>&nbsp;<\/p>\n<p><strong>Zu unserem Lieferumfang geh\u00f6ren:<\/strong><\/p>\n<p>&nbsp;<\/p>\n<ul>\n<li><a title=\"S\u00e4getechnik: Lattensortierungen\" href=\"https:\/\/www.hit-maschinenbau.de\/saegetechnik\/lattenmanipulation\/lattensortierungen\">Lattensortierungen<\/a><\/li>\n<li><a title=\"S\u00e4getechnik: Lattenauskappstationen\" href=\"https:\/\/www.hit-maschinenbau.de\/saegetechnik\/lattenmanipulation\/lattenauskappstationen\">Lattenauskappstationen<\/a><\/li>\n<li><a title=\"S\u00e4getechnik: Lattenb\u00fcndel- und Paketieranlagen\" href=\"https:\/\/www.hit-maschinenbau.de\/saegetechnik\/lattenmanipulation\/lattenbuendel-und-paketieranlagen\">Lattenb\u00fcndel- und Paketieranlagen<\/a><\/li>\n<\/ul>\n<p>            \n\t\t<div class=\"ngg-gallery-singlepic-image \" style=\"max-width: 210px\">\n\t\t\t    \t<a href=\"https:\/\/hit-maschinenbau.de\/wp-content\/gallery\/1-7-3-lattenbuendel-und-paketieranlagen\/lba2-jhl.jpg\"\n\t\t     title=\"\"\n             data-src=\"https:\/\/hit-maschinenbau.de\/wp-content\/gallery\/1-7-3-lattenbuendel-und-paketieranlagen\/lba2-jhl.jpg\"\n             data-thumbnail=\"https:\/\/hit-maschinenbau.de\/wp-content\/gallery\/1-7-3-lattenbuendel-und-paketieranlagen\/thumbs\/thumbs_lba2-jhl.jpg\"\n             data-image-id=\"189\"\n             data-title=\"lba2-jhl\"\n             data-description=\"\"\n             target='_self'\n             class=\"ngg-simplelightbox\" rel=\"349b8768501e6328f74413847bc5be99\">\n            <img class=\"ngg-singlepic colorbox-87\"\n             src=\"https:\/\/hit-maschinenbau.de\/index.php\/nextgen-image\/189\/210x0x100\/9d48353689f97bbdfe5f97d6b0188c7b\"\n             alt=\"lba2-jhl\"\n             title=\"lba2-jhl\"\n              width=\"210\"               \/>\n    \t<\/a>\n\t\t      <\/div>\n        <br \/>\n  <\/p>","protected":false},"excerpt":{"rendered":"<\/p>\n<p> Lattenmanipulation <\/p>\n<p>Die Aufbereitung und Manipulation von Latten ist im S\u00e4gewerk oft einer der zeitintensivsten Bearbeitungsschritte. Unsere L\u00f6sungen verringern den Zeitaufwand f\u00fcr diesen Bearbeitungsschritt deutlich und entlasten somit das Bedienpersonal.<\/p>\n<p> [&#8230;]<\/p>\n","protected":false},"author":4,"featured_media":0,"parent":65,"menu_order":89,"comment_status":"closed","ping_status":"closed","template":"","meta":{"ngg_post_thumbnail":0},"_links":{"self":[{"href":"https:\/\/hit-maschinenbau.de\/index.php\/wp-json\/wp\/v2\/pages\/87"}],"collection":[{"href":"https:\/\/hit-maschinenbau.de\/index.php\/wp-json\/wp\/v2\/pages"}],"about":[{"href":"https:\/\/hit-maschinenbau.de\/index.php\/wp-json\/wp\/v2\/types\/page"}],"author":[{"embeddable":true,"href":"https:\/\/hit-maschinenbau.de\/index.php\/wp-json\/wp\/v2\/users\/4"}],"replies":[{"embeddable":true,"href":"https:\/\/hit-maschinenbau.de\/index.php\/wp-json\/wp\/v2\/comments?post=87"}],"version-history":[{"count":13,"href":"https:\/\/hit-maschinenbau.de\/index.php\/wp-json\/wp\/v2\/pages\/87\/revisions"}],"predecessor-version":[{"id":3246,"href":"https:\/\/hit-maschinenbau.de\/index.php\/wp-json\/wp\/v2\/pages\/87\/revisions\/3246"}],"up":[{"embeddable":true,"href":"https:\/\/hit-maschinenbau.de\/index.php\/wp-json\/wp\/v2\/pages\/65"}],"wp:attachment":[{"href":"https:\/\/hit-maschinenbau.de\/index.php\/wp-json\/wp\/v2\/media?parent=87"}],"curies":[{"name":"wp","href":"https:\/\/api.w.org\/{rel}","templated":true}]}}